ulate the remainder when 2463 is divided by 18.
15
Calculate the remainder when 2758 is divided by 23.
21
Calculate the remainder when 619 is divided by 557.
62
What is the remainder when 4718 is divided by 15?
8
What is the remainder when 1202 is divided by 5?
2
What is the remainder when 24 is divided by 10?
4
Calculate the remainder when 164 is divided by 53.
5
Calculate the remainder when 25 is divided by 7.
4
What is the remainder when 61 is divided by 9?
7
Calculate the remainder when 4857 is divided by 20.
17
What is the remainder when 159 is divided by 59?
41
What is the remainder when 1866 is divided by 24?
18
What is the remainder when 63 is divided by 6?
3
What is the remainder when 109 is divided by 62?
47
Calculate the remainder when 214 is divided by 109.
105
Calculate the remainder when 656 is divided by 7.
5
What is the remainder when 1638 is divided by 149?
148
Calculate the remainder when 650 is divided by 205.
35
Calculate the remainder when 7113 is divided by 5.
3
Calculate the remainder when 118 is divided by 30.
28
What is the remainder when 121 is divided by 44?
33
Calculate the remainder when 107305 is divided by 139.
136
What is the remainder when 612 is divided by 148?
20
Calculate the remainder when 292 is divided by 28.
12
Calculate the remainder when 266 is divided by 11.
2
What is the remainder when 219 is divided by 78?
63
Calculate the remainder when 111 is divided by 68.
43
What is the remainder when 1720 is divided by 1701?
19
Calculate the remainder when 889 is divided by 27.
25
Calculate the remainder when 198 is divided by 41.
34
Calculate the remainder when 158 is divided by 33.
26
What is the remainder when 283 is divided by 97?
89
What is the remainder when 209 is divided by 71?
67
Calculate the remainder when 423 is divided by 107.
102
What is the remainder when 4066 is divided by 512?
482
What is the remainder when 111 is divided by 41?
29
Calculate the remainder when 315 is divided by 39.
3
What is the remainder when 119 is divided by 10?
9
What is the remainder when 774 is divided by 19?
14
Calculate the remainder when 47 is divided by 20.
7
What is the remainder when 434 is divided by 75?
59
What is the remainder when 498 is divided by 241?
16
What is the remainder when 1183 is divided by 364?
91
What is the remainder when 292 is divided by 37?
33
Calculate the remainder when 165 is divided by 115.
50
Calculate the remainder when 73 is divided by 72.
1
What is the remainder when 44 is divided by 9?
8
Calculate the remainder when 54 is divided by 22.
10
What is the remainder when 539 is divided by 34?
29
What is the remainder when 1913 is divided by 11?
10
What is the remainder when 546 is divided by 182?
0
What is the remainder when 1120 is divided by 277?
12
What is the remainder when 1107 is divided by 2?
1
What is the remainder when 499 is divided by 13?
5
What is the remainder when 864 is divided by 1?
0
What is the remainder when 557 is divided by 142?
131
Calculate the remainder when 1302 is divided by 29.
26
Calculate the remainder when 3198 is divided by 4.
2
What is the remainder when 360 is divided by 76?
56
What is the remainder when 113 is divided by 29?
26
What is the remainder when 9989 is divided by 18?
17
Calculate the remainder when 687 is divided by 46.
43
Calculate the remainder when 2847 is divided by 19.
16
What is the remainder when 357 is divided by 309?
48
Calculate the remainder when 855 is divided by 8.
7
Calculate the remainder when 831 is divided by 40.
31
Calculate the remainder when 14170 is divided by 19.
15
What is the remainder when 261 is divided by 43?
3
Calculate the remainder when 5164 is divided by 55.
49
Calculate the remainder when 20787 is divided by 4.
3
Calculate the remainder when 3517 is divided by 167.
10
What is the remainder when 474 is divided by 42?
12
What is the remainder when 1463 is divided by 485?
8
Calculate the remainder when 1691 is divided by 9.
8
What is the remainder when 980 is divided by 22?
12
What is the remainder when 45 is divided by 27?
18
Calculate the remainder when 1306 is divided by 648.
10
Calculate the remainder when 340 is divided by 131.
78
What is the remainder when 1198 is divided by 287?
50
Calculate the remainder when 202 is divided by 71.
60
What is the remainder when 16228 is divided by 30?
28
What is the remainder when 167 is divided by 72?
23
What is the remainder when 517 is divided by 64?
5
What is the remainder when 473 is divided by 112?
25
What is the remainder when 184 is divided by 37?
36
What is the remainder when 111 is divided by 63?
48
Calculate the remainder when 4737 is divided by 11.
7
What is the remainder when 246 is divided by 21?
15
What is the remainder when 15 is divided by 3?
0
What is the remainder when 721 is divided by 149?
125
Calculate the remainder when 962 is divided by 25.
12
What is the remainder when 1882 is divided by 118?
112
What is the remainder when 2110 is divided by 6?
4
Calculate the remainder when 811 is divided by 40.
11
Calculate the remainder when 340 is divided by 58.
50
What is the remainder when 192 is divided by 14?
10
What is the remainder when 31 is divided by 5?
1
What is the remainder when 2812 is divided by 1400?
12
Calculate the remainder when 16 is divided by 11.
5
Calculate the remainder when 237 is divided by 133.
104
What is the remainder when 746 is divided by 68?
66
What is the remainder when 485 is divided by 126?
107
What is the remainder when 38 is divided by 4?
2
What is the remainder when 1171 is divided by 17?
15
Calculate the remainder when 1161 is divided by 59.
40
What is the remainder when 112 is divided by 77?
35
Calculate the remainder when 395 is divided by 137.
121
What is the remainder when 1659 is divided by 10?
9
Calculate the remainder when 760 is divided by 77.
67
What is the remainder when 177 is divided by 33?
12
Calculate the remainder when 164 is divided by 36.
20
Calculate the remainder when 155 is divided by 10.
5
What is the remainder when 80 is divided by 24?
8
What is the remainder when 502 is divided by 21?
19
What is the remainder when 7879 is divided by 7?
4
Calculate the remainder when 422 is divided by 32.
6
What is the remainder when 76 is divided by 69?
7
Calculate the remainder when 1406 is divided by 276.
26
Calculate the remainder when 1464 is divided by 172.
88
What is the remainder when 611 is divided by 85?
16
What is the remainder when 80 is divided by 12?
8
What is the remainder when 71 is divided by 25?
21
Calculate the remainder when 245 is divided by 80.
5
Calculate the remainder when 369 is divided by 134.
101
Calculate the remainder when 66042 is divided by 316.
314
What is the remainder when 161 is divided by 118?
43
Calculate the remainder when 641 is divided by 34.
29
What is the remainder when 622 is divided by 104?
102
Calculate the remainder when 2685 is divided by 192.
189
Calculate the remainder when 5999 is divided by 19.
14
Calculate the remainder when 325 is divided by 22.
17
Calculate the remainder when 357 is divided by 6.
3
Calculate the remainder when 54 is divided by 22.
10
Calculate the remainder when 378 is divided by 97.
87
What is the remainder when 3759 is divided by 8?
7
Calculate the remainder when 62 is divided by 40.
22
What is the remainder when 306 is divided by 10?
6
What is the remainder when 246 is divided by 231?
15
What is the remainder when 32723 is divided by 55?
53
Calculate the remainder when 431 is divided by 24.
23
What is the remainder when 128 is divided by 14?
2
Calculate the remainder when 398 is divided by 106.
80
Calculate the remainder when 268 is divided by 45.
43
Calculate the remainder when 54 is divided by 20.
14
What is the remainder when 45 is divided by 17?
11
Calculate the remainder when 737 is divided by 93.
86
What is the remainder when 112 is divided by 41?
30
What is the remainder when 578 is divided by 58?
56
Calculate the remainder when 139 is divided by 30.
19
Calculate the remainder when 196 is divided by 54.
34
What is the remainder when 417 is divided by 21?
18
Calculate the remainder when 1222 is divided by 296.
38
What is the remainder when 1014 is divided by 35?
34
Calculate the remainder when 1340 is divided by 124.
100
What is the remainder